nits digit of x?
3
Suppose 2*w = 2*d - 214, d = -4*w + 2*w - 223. Let g = -22 - w. What is the units digit of g?
8
Let g be 1/((-4)/20*-1). Suppose h - g*y = -2*h + 43, -2*h = -3*y - 27. What is the units digit of h?
6
Suppose -3 = -3*l, -4*l - 477 - 719 = -3*s. Suppose 6*i = 110 + s. What is the tens digit of i?
8
Let g(v) = 143*v**2 - 18*v + 39. What is the thousands digit of g(4)?
2
Suppose 4*n + c - 5027 = 0, 25*n = 26*n + c - 1256. What is the tens digit of n?
5
Suppose 2*h + 14*h - 336 = 0. What is the units digit of h?
1
Let v be -1 - (-4 + 6/(-3)). Suppose -5*n = -5*i + v, -4*i + 4 = -n + 4*n. Suppose 4*p + 5*t - 46 = n, -2 - 4 = 3*t. What is the units digit of p?
4
Let v(t) = 208*t**2 - 10*t + 18. What is the thousands digit of v(3)?
1
Suppose -4*a = -a - 42. Suppose 0 = -h + a + 20. What is the tens digit of h?
3
Let f = 2128 + -1238. What is the units digit of f?
0
Let d = 3 + 42. Let w = d + -32. What is the units digit of w - (-5)/(3 + -8)?
2
Suppose 3*q + 18 = 5*l, -5*l + 20 = -0*q - 5*q. Let x(f) = 1. Let k(p) = -11*p + 1. Let d(i) = q*k(i) - 6*x(i). What is the tens digit of d(3)?
2
Suppose 127 + 1557 = 3*f - 4*m, -5*m = -2*f + 1111. What is the hundreds digit of f?
5
Let n = -1226 + 2065. What is the tens digit of n?
3
Suppose -5170 - 1670 = -15*f. What is the units digit of f?
6
Let d be -3 - (18/(-3 - 0) + -3). Let o(s) = 5*s**2 - 7*s - 10. What is the hundreds digit of o(d)?
1
Let w = 52 - -22. Let f = 10 + w. What is the units digit of f?
4
Let j(u) = 2*u**3 - 3*u**2 - 14*u + 6. What is the hundreds digit of j(7)?
4
Let b(k) = 2*k**3 - 4*k**2 + 34*k - 39. What is the units digit of b(10)?
1
Let q(a) = 41*a - 21. What is the units digit of q(12)?
1
Let u be (102/(-36))/(2/(-12)). Let j(y) = 2*y - 11. What is the units digit of j(u)?
3
Suppose -5*o + h - 58 = 87, 5*o + 4*h = -120. Let w = 48 + o. Suppose 3*l + 2*l = -w, 0 = 5*x + l - 46. What is the units digit of x?
0
Suppose -x - 2*j = -0*j + 2, -3*j + 18 = 5*x. Let w be x/4 - 455/(-10). Let i = 78 - w. What is the tens digit of i?
3
Let q = -259 + 45. What is the units digit of (-18)/45 - q/10?
1
Let w(s) be the third derivative of s**6/120 - s**5/30 - s**4/24 - 2*s**3/3 + 2*s**2 + 23. Let k = 1 - -3. What is the units digit of w(k)?
4
Let x be 5 + 0 + -5 - -5. Suppose l - x*j - 190 = 0, -l - 5*j = -7*j - 205. What is the units digit of l?
5
Suppose -2*t = -5*s - 110, 3*t - 81 = 4*s - 0*t. What is the units digit of (404/6)/((-16)/s)?
1
Let h be ((-54)/(-15) + -4)/((-3)/30). What is the tens digit of ((2 + 2)/h - 0)*94?
9
Let m(k) = -k**2 + 35*k + 507. What is the tens digit of m(35)?
0
Let j = 161 - 103. What is the units digit of j?
8
Let k = -144 + 160. Suppose -k*j + 11*j = -1195. What is the tens digit of j?
3
Let z(k) = 2*k**3 - 21*k**2 - 19*k + 2. What is the thousands digit of z(14)?
1
Let y be (20/3)/((-3)/9 - -1). Let i(h) = h**2. Let m(x) = 5*x**2 - 5*x - 8. Let b(t) = -4*i(t) + m(t). What is the units digit of b(y)?
2
Suppose 14*o - 3428 + 1160 = 0. What is the units digit of o?
2
Let s(d) = -21*d + 4 - 1 - 2 + 29*d. Suppose -2*i - 4 = -12. What is the units digit of s(i)?
3
Suppose -43*y + 53*y - 37980 = 0. What is the units digit of y?
8
Let z be (3*(-16)/24)/((-2)/5). Suppose 0 = -z*t - 164 + 1104. What is the tens digit of t?
8
Let i(f) = f**3 + f**2 + f + 5. Let a be 0/(-4 + (-12)/(-4)). Let d be i(a). Suppose -4*g = q + q - 28, -d*g = 3*q - 41. What is the units digit of q?
2
Let r(k) = -k + 16. Let d be r(16). Suppose d = -9*m - 120 + 381. What is the units digit of m?
9
Let b = -90 + 158. Suppose -13 = 3*w - 5*l, -w + 29 = 7*l - 2*l. Suppose 4*x = w*a + 148, -4*a = 5*x - 3*x - b. What is the tens digit of x?
3
Let t = 8 + -2. Let l(q) = q**2 - q + 2. Let i be l(t). Suppose i = 2*v - 16. What is the tens digit of v?
2
Let d(i) = 4*i**2 - 3*i - 2. Suppose 2*k - 14 = 5*s, k = 2*s + 2*k + 11. What is the tens digit of d(s)?
7
Let j be (-1 - 165/12)*-4. Suppose -h + j = -3*k, -5*k + k = 2*h - 78. Suppose 5*l + h - 197 = 0. What is the units digit of l?
0
What is the hundreds digit of (1 - 21/18) + 642884/264?
4
Let z = -75 + 130. Suppose 0*n = 4*n + 5*t - 120, -5*t - 20 = 0. Let r = z - n. What is the units digit of r?
0
Suppose 5*n - 7*b = -2*b + 35, 3*b = 5*n - 29. Suppose n*i + 3*v = 93, -4 - 65 = -3*i - 3*v. Suppose -40 - i = -4*h. What is the tens digit of h?
1
Suppose 0 = 4*c + z + 48, 36 = c - 4*c - 3*z. Let f(t) = -14*t + 25. What is the units digit of f(c)?
3
Let y(q) = 177*q**2. Let b(k) = -k + 15. Let a be b(14). What is the units digit of y(a)?
7
Let x = 29 - 29. Suppose 0 = -4*h - 0*h + 440. Suppose 5*r - o - h = x, -5*o + 3*o = 0. What is the units digit of r?
2
What is the hundreds digit of ((-1319)/(-2))/(101/202)?
3
Let m be (-6)/(-4)*52/39. Suppose -4*n + 2*o = -m*o - 16, 3*n - o - 4 = 0. Suppose n*f = 3*f - 111. What is the tens digit of f?
3
Suppose -3*p - 4*c + 22 = 0, 14 = 5*p - 2*c + 3*c. What is the units digit of (-165)/(-9) + p/3?
9
Let y = -18 + 18. Suppose -3*g + y*g + 15 = 0. Suppose -5*x + s + 66 = -3*x, 132 = 4*x + g*s. What is the tens digit of x?
3
Let s(z) = -3 - 6 + 3*z + 5*z. What is the tens digit of s(4)?
2
Let m(j) = -j**2 + 8*j + 11. Let o be m(10). Let x = o + 12. Suppose 13 - 61 = -x*i. What is the tens digit of i?
1
Suppose 3*s - 3 + 12 = 0, -3659 = -5*i - 2*s. What is the tens digit of i?
3
Let c = 1448 + -674. What is the tens digit of c?
7
Let a(v) = 4*v - v**2 - 3*v**2 - v**3 + 1 - 7*v. Let n(y) = -y**2 + y + 2. Let h be n(3). What is the tens digit of a(h)?
1
Let c(b) = -84*b**3 + 1. What is the tens digit of c(-1)?
8
Let s = -23 + 19. What is the units digit of s/12 - 43/6*-2?
4
Let x be -3 + 3/((-2 - -6) + -3). Suppose x = -0*t + 2*t - 48. What is the tens digit of t?
2
Let m = -318 + 485. What is the tens digit of m?
6
Let t be 14 - ((-16)/(-4) + -3). Let m(u) = u**3 - 12*u**2 - 9*u - 2. What is the tens digit of m(t)?
5
Suppose -t + 194 = -3*o + 4*t, 2*o + t + 125 = 0. Let q(p) = -p**3 + 2*p**2 - 2*p - 4. Let c be q(4). Let i = c - o. What is the tens digit of i?
1
Let r = -528 - -418. Suppose 144 = -2*g + 2*a, 0 = a - 2 - 0. Let q = g - r. What is the tens digit of q?
4
Suppose 2*g + 0*g = 26. Suppose -y = 5*d - g - 2, 0 = 2*y. Let s(x) = x**2 - 3. What is the units digit of s(d)?
6
Let n(t) = 2*t**3 - 23*t**2 + 24*t - 123. What is the hundreds digit of n(15)?
8
Let j(p) = -p**3 - 48*p**2 - 5*p - 44. What is the hundreds digit of j(-48)?
1
Suppose 144*g + 4605 = 147*g. What is the thousands digit of g?
1
Let w be 4/(-8) + 95/2. Suppose -5*r = 2*u - w, 0 = -2*u + 2*r + 36 - 10. What is the units digit of 38/1*8/u?
9
Let u(g) = 14*g**2 + 2*g + 4. Let f(a) = 3*a - 2. Let h be f(0). What is the tens digit of u(h)?
5
Let p = 4 + 0. Let y be 28/16 + (-2)/(-8). Suppose -2*d = -y*a + 84, -p*a + 159 = 7*d - 2*d. What is the units digit of a?
1
Let q(o) = -3*o + 9. Let b(u) = -2*u + 3. Let t(l) = 11*b(l) - 4*q(l). Let d(k) = k**2 + k - 6. Let n be d(0). What is the tens digit of t(n)?
5
Suppose 24 - 18 = 2*l. Suppose 6*i = 3 + l. What is the units digit of i?
1
What is the tens digit of -1*18/(-12)*(-3110)/(-3)?
5
Let w(v) = 2*v**2 - 3. Let u(t) = -t**2 - t + 1. Let p(k) = -2*u(k) + w(k). Let i(q) be the first derivative of p(q). What is the units digit of i(4)?
4
Let p(s) = -44*s + 10*s - 13*s + 1. What is the tens digit of p(-1)?
4
What is the tens digit of 3*24/18 + 371?
7
Let s(g) = g**3 - 2*g**2 + 3*g - 3. Suppose -4*i + 0*i = -5*y + 10, 2*y - 4 = -2*i. Suppose d = b - y*b + 2, -4*d = -b + 7. What is the tens digit of s(b)?
1
Let z(x) be the second derivative of 1/6*x**4 - 2*x + 0 - 1/3*x**3 - x**2. What is the tens digit of z(3)?
1
Let g = 246 - 110. Suppose -10*u + 920 = -0*u. Suppose -5*z - 2*m = -g, 4*z - 4*m - u = -0*z. What is the units digit of z?
6
Let y(t) be the first derivative of -t**3/3 + 3*t**2 - 3*t + 6. Let f be y(2). Suppose -110 = -f*n - 10. What is the tens digit of n?
2
Let y(g) = g**2 + 11*g + 14. Let s be y(-11). Let u = s - 9. Suppose u*m + 100 = 5*j, 29 = -5*m + 9. What is the tens digit of j?
1
Let p = -6631 + 10244. What is the tens digit of p?
1
Suppose -24 - 20 = z. Let k be z*((-3)/(-6) - 0). Let y = k + 37. What is the tens digit of y?
1
Let a(c) = 86*c**2 + 3*c - 2. Let k be